s) = -7*s - 51. Determine d(f).
-93
Let x(s) = -244*s - 8. Let t be x(-1). Let y(k) = 235*k**2 - t*k**2 + 10*k - 4 - k. Determine y(6).
14
Suppose 8 - 2 = o. Let v(r) be the second derivative of r**5/20 - 7*r**4/12 + 5*r**3/6 + 7*r**2/2 + 31022*r. Determine v(o).
1
Let w(i) be the third derivative of -35*i**4/24 - 35*i**3 - 2824*i**2 + i. Determine w(-6).
0
Let w be -4*3/(-18)*(-705)/(-94). Let c(g) = g**3 - 6*g**2 - 4*g - 7. What is c(w)?
-52
Let q(o) be the first derivative of -1/2*o**2 + 0*o - 40. Suppose -4 = -3*t + x, 4*t - x = x + 6. Determine q(t).
-1
Let s = 2 - -5. Let t(i) = 23*i**3 + 23*i**2 - 6*i + 15. Let y(a) = 38*a**3 + 41*a**2 - 13*a + 30. Let q(h) = -5*t(h) + 3*y(h). Give q(s).
1
Let p = -76 + 73. Let d(s) = -s**2 - 3. Let o(h) = h**2 + 4. Let m(v) = p*o(v) - 4*d(v). Let n(r) = -r**3 - 6*r**2 - 4*r + 1. Let f be n(-5). Determine m(f).
16
Let c(f) = 2*f + 6. Let x(d) = -d + 3. Let t(v) = -c(v) + 2*x(v). Let j(h) = -h**3 + 7*h**2 + 10*h - 6. Let p be j(8). Let z be p/5 - (2 + 1). Give t(z).
4
Let o = -21793 - -21798. Let n(d) = 14*d - 83. What is n(o)?
-13
Let u(c) be the third derivative of -c**4/6 - 61*c**3/3 + 51*c**2. Give u(-29).
-6
Let r(s) = s**3 + 9*s**2 + 9*s - 5. Let p = 76 + -72. Suppose 14 = 2*k + p*b + 2, 4*k - b = 51. Suppose q + 3*v + 20 = -0*v, 0 = -4*q + 5*v - k. Calculate r(q).
-13
Let s(o) = o**2 + 82*o - 2553. Let g be s(-106). Let c(k) = -k**2 + k - 4. What is c(g)?
-94
Suppose 4*x + 321 - 41 = -4*j, 4*x + 70 = -j. Let z be 3*((j/6)/(-5) - 3). Let n(b) = 5*b**2 - b - 2. Determine n(z).
20
Let s(d) = 2*d. Let l(f) = -f. Let g(n) = -l(n) - s(n). Let w(x) = 3*x - 30. Let i be (-6 - -3 - -14)/((-3)/(-3)). Let j be w(i). What is g(j)?
-3
Let h(m) = 2*m + 24. Suppose 2*f - 30 = -3*f + 25. What is h(f)?
46
Let d(x) = x**3 + 7*x**2 + x + 9. Suppose 0 = r - 4*v + 4, -3*r + 2*v = v - 21. Suppose -r*c - 3*b = -4*c + 34, 4*b = -3*c - 29. Calculate d(c).
2
Let s = 16254 - 16241. Let x(v) = v**2 - 15*v + 21. What is x(s)?
-5
Let d(u) = -970*u + 1913*u - 921*u + 25. What is d(-1)?
3
Let m be 16 + -7 - (16 - (-30)/(-6)). Let q(n) = -4*n**3 + 3*n**2 - 3*n - 2. What is q(m)?
48
Suppose 611 = 446*n - 399*n. Let r(c) = -c**3 + 15*c**2 - 27*c - 7. Calculate r(n).
-20
Let s(k) be the third derivative of 4/3*k**3 + 1/60*k**5 + 0*k + 15*k**2 - 1/360*k**6 + 0 + 1/12*k**4. Let c(i) be the first derivative of s(i). Determine c(4).
-6
Let a(o) = o**2 - 2*o - 6. Let m = -197 + 159. Let r be m/(-7) + 108/189. Give a(r).
18
Let l(j) = 3*j**3 + 15*j**2 - 22*j + 26. Let k(d) = d**3 + 5*d**2 - 8*d + 9. Let u(p) = 17*k(p) - 6*l(p). Suppose -10 + 4 = 2*x. Give u(x).
-9
Let i = -4240 + 4228. Let h(l) = l**3 + 11*l**2 - 14*l + 9. Give h(i).
33
Let u(q) be the first derivative of q**2 + 6*q - 7. Let i be u(-7). Let x(f) = 14*f**2 - 6*f + 11 - 7*f**2 - 8*f**2. Calculate x(i).
-5
Suppose 0 = -3*u - 62*u - 910. Let b(g) = 2*g**3 + 29*g**2 + 11*g - 33. What is b(u)?
9
Let t(i) be the first derivative of -4*i**3/3 - 16*i**2 + 9*i - 470. What is t(-8)?
9
Let t(h) = -h - 2 - 4 - h. Suppose -3*n - 4*c + 28 = -19, 5*n - 4*c - 25 = 0. Let s be 24/(-18)*n/(-2). What is t(s)?
-18
Suppose f = 6*f + 16*f. Let z(g) = -8*g - 32. Calculate z(f).
-32
Let d be (-3 - 1/(-1)) + (-3355 - -3348). Let r(i) = i**2 + 27*i + 164. Give r(d).
2
Let w(a) = 5*a**2 + 37*a + 37. Let p(c) = 2*c**2 + 19*c + 20. Let z(t) = 7*p(t) - 3*w(t). Give z(23).
6
Let f(k) = 6*k**2 - 15*k + 16. Let z(g) = g**2 - 3*g + 3. Let y(n) = -2*n**2 + 13*n - 4. Let j be y(7). Let i(t) = j*z(t) + 2*f(t). What is i(2)?
9
Let k(g) = -886*g - 6203. Let x be k(-7). Let t(c) = -18*c - 14. What is t(x)?
4
Let j = -34 - -38. Let d be j + -5 - 2/(2/(-3)). Let y(l) = 1 + l**3 - 4*l**d + 7 + 14*l - 1 - 20*l. Give y(5).
2
Let h(s) = -10*s**3 + s - 1. Suppose -g = 11 - 6. Let c = 15 + g. Suppose 0 = 3*i - 5*w + 12, -i - 2*w + c = w. Calculate h(i).
-10
Let c(y) be the third derivative of y**8/20160 - y**7/504 - y**6/120 + 22*y**5/15 - 53*y**2 - y. Let w(m) be the third derivative of c(m). Calculate w(10).
-6
Let h = -7775 + 7780. Let b(i) be the second derivative of i**6/720 - i**4/12 + 4*i. Let v(o) be the third derivative of b(o). What is v(h)?
5
Let y(p) = -2*p + 5*p - 6 - 2*p. Let v be (1 - 8/10) + (-116)/(-20). Suppose -4*m - 47 = w - v*w, -4*w + 16 = 4*m. Determine y(w).
1
Let p(w) be the third derivative of -1/12*w**4 + 80*w**2 - 1/6*w**3 + 0*w + 0. Give p(-5).
9
Let u = 9749 + -9735. Let d(y) = y**3 - 15*y**2 + 12*y + 15. Calculate d(u).
-13
Let r(a) = 0 - 4*a - 14 + 8. Suppose p + 2 = -n - 0, -2*n - 2 = 3*p. Suppose -p*v = 10 - 2. What is r(v)?
10
Let q(d) = 10*d + 6. Let m(j) be the first derivative of 19*j**2/2 + 11*j + 226. Let y(t) = -3*m(t) + 5*q(t). What is y(-1)?
4
Let g(n) = n**2 - 5. Suppose -8*k + 480 = 24*k. Suppose 9*t + k = 6*t. Give g(t).
20
Let h(t) = -29 - t + 463*t**3 - 112*t**3 - 121*t**3 - 116*t**3 + 19*t**2 - 115*t**3. Determine h(19).
-48
Let d(s) = 4*s - 14. Let j(l) = 2*l**2 + 96*l + 96. Let r be j(-47). What is d(r)?
-6
Let i(y) = -2*y**2 + 19*y - 35. Let k be i(8). Let u = k - -17. Let r(m) = m**3 - 7*m**2 + 7*m - 7. What is r(u)?
-1
Let i(p) be the first derivative of -4*p**3/3 - 5*p**2 + 6*p - 1756. Calculate i(-4).
-18
Let i(q) = -4*q**2 - 32*q + 2. Let d(r) = 7*r**2 + 57*r - 5. Let g(n) = -3*d(n) - 5*i(n). What is g(-8)?
29
Let y(s) = s**3 - 15*s**2 - 4*s + 59. Suppose -94*f + 892 = -518. Calculate y(f).
-1
Let a(g) = g**2 - 6*g - 8. Let j(m) = -m - 9*m**2 - 54*m**3 + 0*m + 16 + 55*m**3. Let h be j(9). Determine a(h).
-1
Let g(b) be the third derivative of b**4/6 + 7*b**3/6 + 70*b**2. Let p(m) = -m - 1. Let v(u) = -2*g(u) - 10*p(u). Determine v(-4).
-12
Let a(p) = -10*p - 45. Suppose -2*b = -2*d - 0*d - 20, -3*d = -5*b + 42. What is a(d)?
-5
Let d(f) be the first derivative of 33 + 2*f**2 - 3*f - 1/3*f**3. What is d(5)?
-8
Suppose -4*u + 2*y + 4 = 0, 0 = u - 0*y + 2*y - 1. Suppose 10*r - 13*r + 72 = 0. Let w(v) = -30*v + 1 + 59*v + 0 - r*v. Calculate w(u).
6
Let h(j) = j - 3. Let r(w) = 1. Let d(k) = -h(k) - 3*r(k). Let b be (2*1/(-2))/((-2)/10). Suppose -2*c + 6 = -2*n, 6*c + 15 = -b*n + 9*c. Give d(n).
3
Let q be ((-6)/(-5))/(3/10). Let l(m) = 52*m**3 + 10*m**2 + 68*m + 12. Let y(k) = 23*k**3 + 5*k**2 + 30*k + 5. Let r(b) = -4*l(b) + 9*y(b). Calculate r(q).
5
Let a(q) = -q**3 - 6*q**2 - 4*q - 2. Let k = 109 - 107. Let v(j) = -2*j**3 - 12*j**2 - 9*j - 3. Let d(o) = k*v(o) - 5*a(o). Determine d(-6).
-8
Let y(g) be the third derivative of g**6/120 - g**5/12 + g**4/8 - 2*g**3/3 - 16*g**2 - 2. Suppose 2*h - 2 = -3*x + 3, -2*h = 4. Give y(x).
-13
Suppose -3*m + 12 = 0, 59 = -3*k - m - 0*m. Let z be k*9*(-7)/21. Let o(r) = 74 - z - r + r - r. Calculate o(-8).
19
Let j(k) = 2*k**2 + 3. Suppose -5*r = 3*v - 3*r - 76, 3*v - 68 = -4*r. Suppose -59*h + 205 - v = 0. What is j(h)?
21
Let c(n) = -2*n**2 + 39*n + 188. Let w be c(-4). Let h(k) = 2*k - 6. Let z be h(4). Let d(v) = -2 + 3*v**z - 2*v**2 + 1 - 3 - v**3. Determine d(w).
-4
Let y(c) = 49*c - 396. Let a be y(8). Let m(w) = 37*w + 10. Determine m(a).
-138
Let x(v) = -1191*v - 102 + 19 + 5 + 1164*v. Let u(b) = -5*b - 16. Let j(r) = 11*u(r) - 2*x(r). Give j(-6).
-14
Suppose 0 = 4*g + 5*h - 159, 4*g - 5*h - 170 + 1 = 0. Let l = 146 + -104. Let k(f) = -2*f + g + l - 88. Determine k(-7).
9
Let u = -3613 + 3599. Let d(l) = l**3 + 15*l**2 + 17*l + 70. Give d(u).
28
Let m = 23707 + -23688. Let s(v) = -v**2 + 12*v - 4. What is s(m)?
-137
Let q(o) = -98*o - 14 - 89*o - 90*o + 275*o. What is q(-6)?
-2
Let f(s) = -6*s**3 - s**2 - 2*s - 2. Let n = 275 + -265. Let h be (5/n)/((-4)/16). Determine f(h).
46
Let c = 469 + -467. Suppose -4*i + c = n, 26*n - 24*n - 4 = -5*i. Let k(a) = a**2 - 5*a + 2. Determine k(n).
-4
Suppose -40 = -3*j + j. Suppose -2*b - 3*b = j. Let o(r) = -3*r - 5. Let x be o(b). Let k(d) = -d**3 + 6*d**2 + 6*d + 3. Determine k(x).
-4
Let y(g) = -3*g - 68 + 129 + 10*g - 58. Suppose -3*t - 55 + 49 = 0. Give y(t).
-11
Let h be 20/9 + (-12)/54. Let v(j) = -24*j + 6 - 2 + j**h + 30*j. Let y(d) = -16*d + 26. Let s be y(2). What is v(s)?
4
Let b(l) = 178 - 34*l + 24 + 66. Give b(8).
-4
Let m(s) = -s**3 + 8*s**2 + s - 4. Let h = -177 - -261. Suppose 84 - h = -z. Suppose 0 = -3*d - 4*b + 20 + 12, 4*d + 5*b - 42 = z. Determine m(d).
4